of t?
4
Let p = 49 + 11. What is the units digit of p?
0
Let o(f) = f**3 + f**2 - 4*f - 3. Let q be o(-3). What is the tens digit of -1*q/3*5?
1
Suppose -3*b = -51 - 96. Let i = b - 5. What is the units digit of (i/(-12))/(2/(-6))?
1
Let m(l) = -l**2 - 6*l - 4. Let s be m(-2). Suppose 2*z - 126 + 12 = -s*t, t - 4*z - 15 = 0. What is the units digit of t?
7
Let s(d) = -3*d - 3. Let b = 6 + -9. Let f be s(b). Let o = 12 - f. What is the units digit of o?
6
Let q = 150 + -90. What is the units digit of q?
0
Suppose 15 = 2*s + 3. Suppose h = s*h. Suppose h = -t + 15 - 0. What is the units digit of t?
5
Suppose 5*y - 105 = -0*y. What is the units digit of y?
1
Suppose -u + 0*u + 3*p = -25, 86 = 5*u - 2*p. Let v = u - 7. Suppose v = -5*o - 6, -3*o + 46 = 5*d. What is the units digit of d?
1
Let b = -10 - -19. What is the units digit of b?
9
Suppose -u = -4*x - 9 + 1, 5*u + 6 = -3*x. Suppose 2*a - 43 - 15 = u. What is the tens digit of a?
2
Suppose -3 = 2*q - 3*q. Suppose 5*p - 34 = -2*t, -4*t - 27 = -q*p - 3*t. What is the units digit of p?
8
Let q(w) be the third derivative of w**4/24 + 3*w**3/2 - w**2. Let z be q(-7). Suppose z*n + 2*k - 5*k = 14, -4*n = 2*k - 12. What is the units digit of n?
4
Suppose 105 = r + 2*r. Suppose 2*k - 5*l + 0*l - r = 0, 0 = 3*k - 3*l - 30. Suppose -5*y = -10, 2*s + 2*y - 10 = k*y. What is the units digit of s?
8
Let o(j) be the first derivative of -j**2/2 - j - 2. Let w be o(-5). Suppose -w*u + 9*u = -4*i + 18, -u - 2*i = 0. What is the units digit of u?
6
Let w be (6 - 10) + 12/2. Suppose -c - w*c = -3*i + 87, 19 = i + 4*c. What is the tens digit of i?
2
Let v = 472 + -335. What is the hundreds digit of v?
1
Suppose -2*m = m. Suppose m = -5*j - u - 0*u - 5, -2*j - 5*u = 2. What is the tens digit of (2 + j)*-1 - -14?
1
Let m(f) = 4*f**2 + 7*f - 3. What is the tens digit of m(3)?
5
Let k be 4/8 + (-10)/4. Let n be (-2 - k) + -1 - -1. Let s(c) = c**3 + c**2 - c + 3. What is the units digit of s(n)?
3
Let r(q) = -15*q**3 - q. Let y = -7 + 11. Let a = y - 5. What is the tens digit of r(a)?
1
Let t(d) = -11*d. Suppose -4*f - 6 - 2 = 0. What is the tens digit of t(f)?
2
Let p(n) = -2*n + 1. Let w be p(-4). Let d = 7 + -4. Let g = w - d. What is the units digit of g?
6
Suppose -4*l + 9 = -5*h - 240, 3*l - 4*h - 186 = 0. What is the units digit of l?
6
Let d be -1*(2 - (3 - -2)). Suppose 0 = 2*l - d*l + 3. What is the units digit of l?
3
Suppose -4*h = 4*k + 228, -118 = 2*k + 3*h - 5*h. Let t = k + 93. What is the tens digit of t?
3
Suppose -i = 2*i. Suppose i = g + g - 30. What is the tens digit of g?
1
Suppose v = -2*r + 514, 0 = -3*r - 0*r + 2*v + 778. What is the tens digit of r?
5
Suppose -2*s = -4*o - 3*s + 12, 5*o = 3*s - 2. What is the units digit of o?
2
Let u(d) = -d**3 - 2*d**2 - 6*d - 5. Let t be u(-4). Suppose -5*h + t = -2*h. What is the tens digit of h?
1
Suppose q + 153 = -2*q. Let m = 88 + q. What is the tens digit of m?
3
Let g be (-2 - -1)*-2 + -2. Let u be (2/(-4) + 0)*g. Suppose -3*f + 7 = m - 6, u = -f + 2. What is the units digit of m?
7
Let o(s) = s**2 - 4*s. Let v be ((-28)/10)/(6/(-15)). Let r be o(v). Suppose 2*z + 5*q = 9, -5*z = -q - r - 42. What is the tens digit of z?
1
Let b(j) = -7*j**2 + 12*j - 7. Let z(q) = -20*q**2 + 35*q - 21. Let t(k) = 17*b(k) - 6*z(k). Let h be t(5). Suppose -h*m + 30 = m. What is the units digit of m?
0
Suppose -6 = -5*a - 21. Let j = -2 + a. Let f = j - -16. What is the tens digit of f?
1
Suppose -3*t = -2*y + t - 70, 0 = y - 5*t + 20. Let w = y + 65. What is the units digit of w?
0
Let v(u) = -u**3 + 4*u**2 - 3*u - 4. Let g be v(3). Let j be 2/(-8) - 9/g. Suppose 3*d - j*d - 3 = 0. What is the units digit of d?
3
Suppose 2*j - 4*r - 4 = 0, -4*j - 5*r - 5 = j. Suppose -k - k + 14 = j. What is the units digit of 1*-2 - (4 - k)?
1
Let k = 133 + -76. What is the tens digit of k?
5
Suppose 0 = 2*l - 2*g - 3*g + 14, -2*l - g - 2 = 0. What is the units digit of l/(-1*(-2)/(-6))?
6
Suppose -9*n + 2810 = -115. What is the hundreds digit of n?
3
Suppose 0 = -b - 0*b. Let d(m) = -m**3 - 6*m**2 + 7*m + 8. Let w be d(-7). What is the units digit of -2 + b - w*-2?
4
Let i = 258 - 167. What is the tens digit of i?
9
Let m = 1 - -10. What is the units digit of m?
1
Suppose 0 = 2*c + 2*m - m - 640, -c = -4*m - 338. What is the units digit of c?
2
Suppose 4*z + 1254 = 23*z. What is the units digit of z?
6
Suppose 0 = -5*y + 5*t - 4*t + 105, 0 = -5*y - 5*t + 105. What is the tens digit of y?
2
Suppose 8*o = -27 + 91. What is the units digit of o?
8
Suppose -3*s + 4 - 1 = -3*a, -1 = 3*a - 2*s. What is the units digit of 1*(4 + -2)*a?
2
Suppose a = -4*a + 10. Suppose a*p - 45 = -3*p. What is the units digit of p?
9
Let j(n) = 20*n**2 + n. Let i = -9 - -8. What is the units digit of j(i)?
9
Let v(x) = x**2 + 5*x - 3. Let s be v(4). Suppose -2*f + s = f. What is the tens digit of f?
1
Let z(b) = b**3 - b + 8. What is the units digit of z(0)?
8
Suppose 9*h - 4*h = 0. Suppose -3 = -i, h = -s + 2*s + 5*i - 19. What is the units digit of s/(-22) - (-13)/11?
1
Suppose -47 = -q - 2*x, 3*q + 3*x + 66 - 207 = 0. What is the tens digit of q?
4
Let m(x) = 2*x**2 + 4*x + 6. What is the tens digit of m(-3)?
1
Let q(i) = 4*i**3 - 3*i**2 + i + 2. Let s be q(2). Suppose -h - 17 = -3*c, c + 4*h + s = 2*c. Suppose c*a + a = 30. What is the units digit of a?
6
Let i(d) = 3*d**2 + 3*d - 6. What is the units digit of i(-4)?
0
Let x = -145 - -218. What is the units digit of x?
3
Let m(y) = 34*y**2 - 4*y - 10. What is the units digit of m(-2)?
4
Let b be -75 + (3 - (-9)/(-3)). Let w be 1/((-3)/b) + 3. Let j = -12 + w. What is the units digit of j?
6
Let j(l) = -2*l + 9. Let q be j(-9). Suppose -q = -3*r - 0. What is the units digit of r?
9
Let a(j) = -3*j**2 + 12*j - 7. Let f(u) = 5*u**2 - 23*u + 13. Let w(q) = 7*a(q) + 4*f(q). Let t = 11 + -17. What is the units digit of w(t)?
5
Let w = -9 + 13. Suppose 3*s = -w*p - 51 + 190, p - 4*s - 49 = 0. Let f = p + -20. What is the tens digit of f?
1
Suppose -2*b - 12 = 6. Let t = -2 - b. What is the units digit of t?
7
Suppose -12*f + 5*f = -336. What is the tens digit of f?
4
Let w(f) = -6*f. Let h be w(-4). Suppose h = -0*c + c. Suppose -5*z + c + 36 = 0. What is the units digit of z?
2
Let v = 0 - -2. Suppose 4*o + 4 = v*o, -2*q = -2*o - 14. What is the tens digit of ((-8)/q)/(6/(-60))?
1
Suppose -136 = -z + 3*l, -l + 258 = 2*z - 0*z. What is the hundreds digit of z?
1
Suppose -166 = -5*r + 3*h, -6*r + 5*h + 138 = -2*r. What is the tens digit of r?
3
Let x(z) = z**3 - 4*z**2 + 3*z + 4. What is the units digit of x(5)?
4
Suppose 0 = -13*m + 11*m + 60. What is the tens digit of 2/15 + 686/m?
2
Suppose 4*m - 74 = 18. Suppose -m = -5*k + 22. What is the units digit of k?
9
Let l be 70/15*(-6)/4. Let y = -4 - l. What is the units digit of y?
3
Suppose -117 + 317 = 5*n. Suppose -r = 1 - 6. Suppose r*m - n = -5. What is the units digit of m?
7
What is the tens digit of ((-40)/5)/((-1)/4)?
3
Let o be (-3)/6*2*0. Suppose -2*t - 8 + 22 = o. Let u(c) = c - 1. What is the units digit of u(t)?
6
Let m = -70 - -99. What is the tens digit of m?
2
Suppose -5*s = -0 - 5. What is the units digit of s?
1
Let u = 36 + -13. Suppose -o + 5*g = -u, g - 11 - 144 = -4*o. Let h = -24 + o. What is the tens digit of h?
1
Let q be 1*(2/(-1) + 12). Suppose b - p - q = -0*p, b + 5*p + 20 = 0. What is the units digit of b?
5
Let q = -5 - -3. Let g be 0 - 4*q/2. Suppose 0*r + 20 = g*r. What is the units digit of r?
5
Let n = -161 - -272. Let s = n - 68. What is the tens digit of s?
4
Suppose 0 = 3*b - 5*b - 4*w - 10, 0 = b + w + 3. Let t be -1 - -8 - (-2)/b. Suppose t*u + 3*m - 11 = 0, 0 = 4*m - 5*m - 3. What is the units digit of u?
4
Let z = -2 + 48. Suppose -2 = 4*m - z. Suppose -3*c + 19 = -m. What is the tens digit of c?
1
Let c = -5 - -8. Suppose -w = c*w - 2*b - 54, -4*b = -4*w + 60. What is the tens digit of w?
1
Suppose 0 - 4 = -2*l. What is the units digit of (l - (-15)/(-6))*-12?
6
What is the units digit of ((-12)/10)/((-12)/90)?
9
Let w(y) = -y**2 - 36*y - 23. What is the hundreds digit of w(-22)?
2
Suppose h - 14 + 11 = 0. What is the units digit of h?
3
Let j(s) = 11*s**3 - s**2 + s - 1. Let m be j(1). Let y = -8 + m. What is the units digit of (2 - (y - 2)) + -1?
1
Let o = -5 